t x(t) = 29*t**2 + 123*t - 303. Determine x(-6).
3
Let b(m) = -m**3 + 16*m**2 + 341*m - 5232. Give b(20).
-12
Let l(o) = -972*o + 30143. Calculate l(31).
11
Let u(k) = -k**3 + 2*k**2 + 9138*k - 36498. What is u(4)?
22
Let o(m) = -898*m + 552. What is o(1)?
-346
Let b(m) = -85*m**2 + 942*m + 17920. What is b(-10)?
0
Let g(n) = -n**2 - 39*n + 2918. Give g(-77).
-8
Let a(p) = 4088*p + 44965. Determine a(-11).
-3
Let r(z) = -3*z**3 + 265*z**2 - 358*z + 798. Give r(87).
-72
Let g(j) = 245*j**2 + 6113*j - 200. Give g(-25).
100
Let j(s) = -41528*s**2 - 6104613*s + 440. Determine j(-147).
-1
Let h(m) = -m**3 + 1105*m + 7745. Calculate h(-7).
353
Let x(l) = 53159*l - 2126376. Calculate x(40).
-16
Let o(w) = 1638*w + 9801. Determine o(-6).
-27
Let f(g) = 5927*g + 503789. Determine f(-85).
-6
Let c(k) = -10623*k + 860501. Calculate c(81).
38
Let a(v) = -67700*v - 1353991. Give a(-20).
9
Let r(f) = f**2 - 2875*f + 1843145. Determine r(965).
-5
Let g(t) = -3*t**3 + 24*t**2 + 57*t - 440. What is g(12)?
-1484
Let o(b) = -3*b**3 - 257*b**2 + 170*b + 7298. Give o(-86).
74
Let z(j) = -1054*j - 2093. Calculate z(-2).
15
Let u(s) = s**3 + 13*s**2 + 1533*s + 13451. Calculate u(-9).
-22
Let u(f) = 11792*f - 94506. Give u(8).
-170
Let m(l) = -l**2 + 157*l - 5524. Calculate m(96).
332
Let z(t) = t**3 - 200*t**2 + 4075*t - 705. Calculate z(177).
3
Let h(y) = y**3 - 43*y**2 - 1345*y - 95. Calculate h(-21).
-74
Let r(q) = -3355*q - 355691. Give r(-106).
-61
Let r(x) = x**3 - 13*x**2 - 556436*x + 7233666. Determine r(13).
-2
Let t(h) = 12*h**3 - 215*h**2 + 844*h + 29. What is t(6)?
-55
Let i(g) = 268*g - 21883. Give i(82).
93
Let y(s) = -774*s - 262764. Give y(-339).
-378
Let o(q) = -129*q + 1020. Determine o(-39).
6051
Let y(k) = 79*k**2 + 23368*k - 4744. Give y(-296).
-8
Let t(r) = -r**3 + 31*r**2 + 32*r + 1287. Give t(34).
-1093
Let o(y) = 3*y**2 - 264*y - 8882. Give o(-26).
10
Let b(d) = 8*d**2 + 782*d - 3134. What is b(4)?
122
Let x(l) = -87167*l + 174333. Determine x(2).
-1
Let s(o) = 6774*o + 521657. What is s(-77)?
59
Let l(t) = 57*t**2 - 823*t + 24. Give l(16).
1448
Let s(u) = 79*u**3 - 55615*u**2 - 703*u - 704. Calculate s(704).
0
Let p(d) = -1393*d**2 - 218*d - 41. Give p(-1).
-1216
Let r(m) = 3954*m**3 - 17*m**2 - 20*m - 3. Give r(-1).
-3954
Let m(l) = -l**3 + 68*l + 668. Determine m(-11).
1251
Let m(w) = 836*w + 67735. What is m(-81)?
19
Let d(o) = o**3 - 20*o**2 - 101*o + 8. Give d(25).
608
Let k(f) = -3*f**2 + 640*f + 15892. Determine k(236).
-156
Let z(j) = -j**3 - 106*j**2 - 1866*j - 1510. What is z(-84)?
2
Let c(t) = -3*t**2 + 1116*t + 177036. Calculate c(492).
-84
Let v(d) = -2596*d - 368610. Give v(-142).
22
Let y(g) = -2*g**3 + 3422*g**2 + 2587*g + 1432948. Give y(1712).
4
Let b(p) = -67851*p - 407114. Determine b(-6).
-8
Let y(i) = 20*i**2 - 2543*i - 17740. Determine y(-7).
1041
Let t(c) = -c**2 - 36499*c - 328417. What is t(-9)?
-7
Let m(d) = 1381888*d + 95350270. Give m(-69).
-2
Let q(t) = -t**3 + 4601*t**2 - 32085*t - 507. Determine q(7).
4
Let o(z) = 20*z**2 - 1240*z + 8627. Give o(54).
-13
Let i(c) = c**3 - 123*c**2 + 587*c + 370. Calculate i(118).
16
Let u(j) = -6*j**2 + 16*j + 103. What is u(0)?
103
Let x(b) = -b**3 + 35*b**2 - 25424*b + 836817. Calculate x(33).
3
Let r(i) = -487*i - 1936. Give r(-5).
499
Let n(o) = 12*o**2 + 2*o - 148. Calculate n(0).
-148
Let g(o) = -33*o**2 + 346*o - 54. What is g(11)?
-241
Let i(h) = -h**3 + 69*h**2 + 2514*h - 3606. Calculate i(95).
574
Let w(y) = -17*y**2 - 50*y + 32. Give w(-7).
-451
Let d(n) = -2*n**3 + 78*n**2 + 102*n + 30564. What is d(47)?
14
Let x(d) = 3107*d - 3141. Calculate x(0).
-3141
Let h(u) = -2*u**2 - 171*u - 1299. Give h(-8).
-59
Let j(o) = -24903*o + 771840. Calculate j(31).
-153
Let v(b) = -14*b**2 - 24*b + 6. Give v(-3).
-48
Let n(w) = -w**3 - 233*w**2 + 1428*w - 2012. What is n(-239)?
-578
Let z(i) = -48*i**2 + 961*i + 84. What is z(20)?
104
Let s(x) = x**3 - 124*x**2 + 124*x + 13. Determine s(123).
136
Let v(h) = -1173*h - 19339. What is v(-17)?
602
Let o(q) = -4*q**3 + 126*q**2 + 72*q - 333. Calculate o(32).
-77
Let l(o) = o**3 + 134*o**2 + 2460*o - 483. Calculate l(-112).
-35
Let g(d) = -45*d + 2863. Calculate g(50).
613
Let u(l) = 24*l**2 + 96*l - 521. Calculate u(5).
559
Let n(t) = -t**3 + 130*t**2 + 877*t - 113999. Determine n(130).
11
Let f(n) = 8*n**3 + n**2 + 11*n - 175. Determine f(0).
-175
Let n(r) = -502*r + 178809. Give n(356).
97
Let o(i) = 3*i**3 + 413*i**2 + 958*i - 16463. What is o(-135)?
7
Let v(o) = -33*o**2 + 14561*o - 3519. Calculate v(441).
9
Let v(h) = 3*h**3 - 9*h**2 - 951*h + 5365. Give v(6).
-17
Let l(m) = 2*m**3 + 41*m**2 + 227*m - 27. Give l(-10).
-197
Let l(t) = -35*t**2 + 48*t - 13. What is l(2)?
-57
Let l(n) = 8*n**3 + 109*n**2 + 59*n + 119. Determine l(-13).
197
Let o(z) = 48472*z - 387381. Give o(8).
395
Let j(y) = 18*y - 1363. Give j(50).
-463
Let v(k) = -k**3 - 52*k**2 - 677*k - 12. Determine v(-22).
362
Let o(q) = -1474*q**2 + 299*q - 302. Calculate o(1).
-1477
Let t(l) = -l**3 - 68*l**2 - 465*l + 64. Calculate t(-60).
-836
Let u(z) = 14425*z - 28757. Calculate u(2).
93
Let g(w) = -w**2 + 1230*w + 382228. Calculate g(-257).
69
Let v(i) = i**3 - 372*i**2 + 34302*i + 846. Determine v(169).
1
Let m(j) = -6139*j + 6136. Calculate m(1).
-3
Let h(o) = -2*o**3 + 9*o**2 + 28*o - 171. What is h(11)?
-1436
Let z(a) = 367*a**2 + 11281*a - 2971. Calculate z(-31).
5
Let p(u) = -143*u + 6744. Calculate p(50).
-406
Let m(b) = -15078*b - 17. Determine m(0).
-17
Let q(c) = -5*c**2 + 388*c + 260. Calculate q(80).
-700
Let z(o) = -280363*o - 8410878. Calculate z(-30).
12
Let u(o) = o**2 + 6476*o + 38791. Determine u(-6).
-29
Let z(x) = 43427*x + 70438595. Give z(-1622).
1
Let v(w) = w**3 - 81*w**2 - 7*w - 691. Determine v(81).
-1258
Let g(z) = z**3 + 10*z**2 + 6*z + 41. Determine g(-9).
68
Let w(i) = -3*i**3 - 85*i**2 - 99*i - 2478. Determine w(-29).
2075
Let l(c) = -166842*c**2 + 2836315*c - 28. Calculate l(17).
-11
Let u(v) = 47*v**3 - 55*v**2 - 41*v - 7. Calculate u(1).
-56
Let g(z) = -176*z - 835. Determine g(-3).
-307
Let g(k) = k**3 + 84*k**2 - 52584*k - 16224. Calculate g(-275).
1
Let g(s) = 289*s - 35700. Give g(128).
1292
Let b(s) = 1240*s**2 + 4974*s + 56. Determine b(-4).
0
Let r(p) = -p**3 + 22*p**2 + 345*p - 159. Give r(32).
641
Let h(i) = 548642*i - 5486402. What is h(10)?
18
Let v(c) = -56*c**2 + 222*c - 143. Determine v(3).
19
Let z(f) = -43*f**2 + 408*f + 995. Determine z(-2).
7
Let w(k) = 59*k + 11316. Give w(-200).
-484
Let u(h) = 138174*h - 8014091. Give u(58).
1
Let t(g) = 4233*g + 1041322. What is t(-246)?
4
Let m(f) = f**3 - 24876*f**2 + 248654*f + 48. Give m(10).
-12
Let h(v) = 7463*v**2 + 74654*v + 196. Calculate h(-10).
-44
Let d(s) = -6*s**3 + 1723*s**2 - 287*s - 80. Determine d(287).
-80
Let z(s) = -2*s**3 - 13*s**2 + 6801*s - 6788. Determine z(1).
-2
Let u(q) = 450*q - 9032. Give u(20).
-32
Let n(s) = 3*s**3 + 21*s**2 + 62*s + 2. Determine n(-3).
-76
Let o(m) = -4*m**3 + 1677*m + 3358. Determine o(-2).
36
Let s(i) = i**3 - 42*i**2 - 205*i + 11496. Calculate s(38).
-2070
Let a(c) = -4*c**3 - 203*c**2 + 58*c + 343. Give a(-51).
-14
Let v(w) = w**2 + 785766*w - 3928858. Determine v(5).
-3
Let r(q) = -2890*q + 788881. Give r(273).
-89
Let u(b) = -b**2 + 1595*b - 75149. Determine u(49).
605
Let p(o) = -6*o**3 + 74*o**2 + 827*o - 9631. Give p(14).
-13
Let t(j) = j**3 - 102*j**2 + 237*j - 13744. What is t(101)?
-8
Let w(t) = -1071*t - 221701. Determine w(-207).
-4
Let s(c) = 10*c**2 + 3093*c + 917. Calculate s(-309).
-10
Let p(d) = -11*d**2 + 1518*d - 15379. Calculate p(11).
-12
Let h(c) = -2*c**3 + 502*c**2 - 30506*c + 2734. Calculate h(148).
70
Let m(q) = -6334*q + 30902. Calculate m(5).
-768
Let f(d) = 64*d**2 + 154*d + 473. Give f(-3).
587
Let l(z) = -90597*z - 543577. What is l(-6)?
5
Let d(m) = -3*m**2 - 1409*m + 20129. What is d(14)?
-185
Let o(y) = 4*y**3 - 99*y**2 + 122*y - 561. What is o(24)?
639
Let q(c) = -107*c**3 + 2245*c**2 - 30*c + 1485. Determine q(21).
-27
Let p(h) = 2*h**2 - 180*h - 1177. Give p(-6).
-25
Let o(r) = 38*r**3 + 304*r**2 + 502*r + 4020. Calculate o(-8).
4
Let n(z) = 5*z**2 + 1422*z - 93343. Determine n(55).
-8
Let c(o) = -8*o**2 - 5*o + 13. Give c(-3).
-44
Let a(b) = -3514*b - 44455. Calculate a(-13).
1227
Let 